0100
In base 10, what is 417 + 8764?
9181
In base 6, what is -30 - -133202242?
133202212
In base 16, what is 364c + 1041?
468d
In base 6, what is -115 - 20354?
-20513
In base 8, what is -6 - -1760301?
1760273
In base 2, what is 10111110 - 100011011101111?
-100011000110001
In base 14, what is 34bb - 1211?
22aa
In base 7, what is 1256032054 - -4?
1256032061
In base 13, what is 3b2 - -1a7?
589
In base 11, what is 59842432 - 0?
59842432
In base 9, what is -123083471 + -34?
-123083515
In base 14, what is -5 + -1b4240b?
-1b42412
In base 9, what is 85087 + -2?
85085
In base 9, what is 1664712 + 57?
1664770
In base 13, what is 6 - -2910570?
2910576
In base 8, what is 136651347 - -5?
136651354
In base 15, what is 2 - 9b4ab4?
-9b4ab2
In base 12, what is 184888 + 42?
18490a
In base 9, what is 1434 + 1217?
2652
In base 6, what is 1352333450 - -5?
1352333455
In base 4, what is 333 + 1201233323?
1201300322
In base 3, what is 11121211 + 220020?
12112001
In base 12, what is -116 - 54534?
-5464a
In base 5, what is 11404 - 2341324?
-2324420
In base 13, what is -9 - -57c7cc8?
57c7cbc
In base 9, what is 161656 - 181?
161465
In base 6, what is -50 - -1205512?
1205422
In base 3, what is 212011021 + -11002?
212000012
In base 16, what is 9b2b + 64?
9b8f
In base 11, what is 2802391 + 0?
2802391
In base 15, what is 178a60 + 61?
178ac1
In base 14, what is 4c - 29294?
-29246
In base 5, what is -1142120 + -413232?
-2110402
In base 13, what is 7268 - -247?
74b2
In base 4, what is 112223222000221 + 2?
112223222000223
In base 13, what is a + -1438983?
-1438976
In base 10, what is -4 + -12611608?
-12611612
In base 6, what is 1001 - 4121051?
-4120050
In base 2, what is -1010011 - -10110111010110001?
10110111001011110
In base 6, what is 0 + -30004442?
-30004442
In base 12, what is 19668 - -105?
19771
In base 5, what is -2 + -340331124?
-340331131
In base 15, what is -12c + -6c424?
-6c551
In base 15, what is -52d104 - c1?
-52d1c5
In base 7, what is 10254126 - 1001?
10253125
In base 3, what is 20222 - -1200212202?
1201010201
In base 9, what is -8031782 - 0?
-8031782
In base 15, what is 5 + 21aa8ac5?
21aa8aca
In base 5, what is 11443341 + 320?
11444211
In base 14, what is 8 - b606c42?
-b606c38
In base 8, what is -1007 - 15641?
-16650
In base 14, what is 118c - -1761?
290d
In base 5, what is -2434132110414 + 10?
-2434132110404
In base 9, what is -2048 - -12248?
10200
In base 5, what is -2210 + -311401313?
-311404023
In base 16, what is -a + 782ea5?
782e9b
In base 9, what is -17 - -1278703?
1278675
In base 11, what is 70 + -148a27?
-148967
In base 12, what is -a3939 + -1b8?
-a3b35
In base 16, what is -a5f6b + -5?
-a5f70
In base 6, what is 252142324 - 5?
252142315
In base 11, what is -544 - 52485?
-52a19
In base 16, what is -5c2 - 67a0b?
-67fcd
In base 15, what is 975a4 + 6?
975aa
In base 6, what is -215231435 + -5?
-215231444
In base 10, what is 3 + -127586?
-127583
In base 16, what is 61a + 75c0b?
76225
In base 9, what is 73327 + -53?
73264
In base 7, what is 1111 + -40454?
-36343
In base 10, what is 1011501 + 24?
1011525
In base 4, what is 1201002213123133 - 3?
1201002213123130
In base 10, what is 22 + 5165488?
5165510
In base 10, what is 672 - -74738?
75410
In base 2, what is 1011011110100010110000 - -1000?
1011011110100010111000
In base 15, what is -329a + 1613?
-1b87
In base 2, what is -11011111 - -1010101101010111110?
1010101100111011111
In base 7, what is 5205161203 + -4?
5205161166
In base 4, what is 1 + 11330020203131?
11330020203132
In base 3, what is -10022020122102100 - -10?
-10022020122102020
In base 4, what is 223221113 - 322?
223220131
In base 12, what is 931a11 + 5?
931a16
In base 10, what is 1 - 177235948?
-177235947
In base 12, what is 781 - -a718?
b299
In base 3, what is -12222110 - 120011110?
-210010220
In base 6, what is -1 + -3220255025?
-3220255030
In base 16, what is f1 + a1c0?
a2b1
In base 7, what is -1 - -3331140?
3331136
In base 11, what is -a08 + 110754?
10a847
In base 6, what is 10 + 250220151?
250220201
In base 4, what is -111103032132 - -11?
-111103032121
In base 9, what is 10 - 168180?
-168170
In base 13, what is 11ac3b + 4?
11ac42
In base 4, what is 101023003100 + -2?
101023003032
In base 13, what is -31 + 135a15?
1359b4
In base 10, what is 5345 - -18075?
23420
In base 14, what is 3280a - 143?
326a7
In base 11, what is -4759a0 + 0?
-4759a0
In base 16, what is 11622 + -3de?
11244
In base 2, what is -10111 + 11100100111101011?
11100100111010100
In base 16, what is 2 + 3b3ae2?
3b3ae4
In base 6, what is -321333 - 14?
-321351
In base 15, what is -6d634e2 - 3?
-6d634e5
In base 16, what is -98f - -131a7?
12818
In base 3, what is -22 + -1022010202100222?
-1022010202101021
In base 3, what is -201112201011220 - -22?
-201112201011121
In base 6, what is -214 + -551541?
-552155
In base 13, what is -29b - -185c5?
18327
In base 15, what is 5d437 + b01?
5e038
In base 12, what is -b0517 - a3?
-b05ba
In base 7, what is 12 + -2343444521?
-2343444506
In base 5, what is 300 - -1000444230?
1001000030
In base 10, what is 4 - -309576250?
309576254
In base 14, what is 37 - -970c4?
9711b
In base 10, what is -7475595 - 0?
-7475595
In base 3, what is 1010112012022212001 - 1?
1010112012022212000
In base 5, what is 23422 + 41404?
120331
In base 15, what is 9b0 + 6086d?
6132d
In base 9, what is -724103 - -277?
-723715
In base 9, what is -253 + 8816?
8553
In base 2, what is -101110110 - -110110011101101?
110101101110111
In base 14, what is -1c65264 - -24?
-1c65240
In base 15, what is -2 + 25d91?
25d8e
In base 5, what is -1112 + 24341314?
24340202
In base 15, what is -2c1 + 47c18?
47947
In base 16, what is 81270 + d?
8127d
In base 8, what is -5354464 + 21?
-5354443
In base 12, what is -3 - 6b793b0?
-6b793b3
In base 13, what is -8734c + 13?
-87339
In base 3, what is 11012 + -1112022120?
-1112011101
In base 6, what is -23 + -5422042342?
-5422042405
In base 14, what is -4aa5 + 214a?
-2959
In base 5, what is -10 + 41031443320?
41031443310
In base 2, what is -10110000010000101 + -111001100?
-10110001001010001
In base 7, what is 504322 - 430?
503562
In base 13, what is 61b19 - 13b6?
60733
In base 6, what is -4104045 + -322?
-4104411
In base 9, what is 755 + -1826658?
-1825803
In base 10, what is 6 - 710720?
-710714
In base 11, what is -83 + 10026?
aa53
In base 16, what is -2 + 59c635?
59c633
In base 9, what is 114503 + -31?
114462
In base 6, what is -1434 + -115244115?
-115245553
In base 3, what is 112011 - 20010120001?
-20010000220
In base 12, what is 1a54bb + -a0?
1a541b
In base 6, what is -15 + 2055303044?
2055303025
In base 6, what is -2 - -4515344115?
4515344113
In base 7, what is 34654064 + -4?
34654060
In base 11, what is 5 - 22614176?
-22614171
In base 14, what is -2bcc + 3c6?
-2806
In base 3, what is -12020 - 11112222122111?
-11112222211201
In base 8, what is 23261221752 + -4?
23261221746
In base 15, what is -5e + 25e04?
25d95
In base 9, what is -304031654 - -2?
-304031652
In base 10, what is 5715 - 6874?
-1159
In base 14, what is -b7101 - 4d?
-b7150
In base 2, what is -10 - -10110110110100110101?
10110110110100110011
In base 5, what is 4 + -43033104330?
-43033104321
In base 13, what is 68b0b + 128?
68c36
In base 11, what is 33884217 - 4?
33884213
In base 12, what is -334046 + -4?
-33404a
In base 15, what is 43605 + -61?
43594
In base 2, what is -1001110101110 - 10100010111010?
-11110001101000
In base 16, what is -260e2 + -3f4?
-264d6
In base 12, what is 1 - 74646b9?
-74646b8
In base 15, what is -1bd3 - -bc5?
-100d
In base 7, what is -4 - 4131350264?
-4131350301
In base 7, what is 506454344 + -12?
506454332
In base 5, what is 2203103 + -3120?
2144433
In base 15, what is 31 - a5907?
-a58c6
In base 4, what is -21 + -13220012232?
-13220012313
In base 6, what is -1000133 + -414?
-1000551
In base 10, what is 2004 - 14218?
-12214
In base 3, what is 12 + -11212110021001?
-11212110020212
In base 13, what is 64c9327 - 2?
64c9325
In base 9, what is -1 + 12320780?
12320778
In base 10, what is 1347 - -2407?
3754
In base 9, what is 37651884 - 1?
37651883
In base 8, what is -4540 + -47215?
-53755
In base 13, what is -5 + -429995?
-42999a
In base 10, what is -3198563 - -7?
-3198556
In base 15, what is 5 + -198a0?
-1989a
In base 8, what is 17074 + 170540?
207634
In base 11, what is -4309418